{"id":1866,"date":"2015-12-05T11:15:18","date_gmt":"2015-12-05T14:15:18","guid":{"rendered":"https:\/\/www.afimdeproclamar.com\/site\/?page_id=1866"},"modified":"2021-05-16T10:47:02","modified_gmt":"2021-05-16T13:47:02","slug":"convites","status":"publish","type":"page","link":"https:\/\/www.andandonagraca.org\/site\/?page_id=1866","title":{"rendered":"Convites"},"content":{"rendered":"<p>O Pastor Jonas Santana t\u00eam ministrado a Palavra de Deus em v\u00e1rios pa\u00edses:<\/p>\n<ul>\n<li>Brasil<\/li>\n<li>Argentina<\/li>\n<li>Portugal<\/li>\n<li>Sui\u00e7a<\/li>\n<li>Alemanha<\/li>\n<li>Holanda<\/li>\n<li>B\u00e9lgica<\/li>\n<li>Eslov\u00e1quia<\/li>\n<li>Cabo Verde<\/li>\n<li>Guin\u00e9-Bissau<\/li>\n<li>S\u00e3o Tom\u00e9 e Pr\u00edncipe<\/li>\n<li>Angola<\/li>\n<li>Nam\u00edbia<\/li>\n<li>\u00c1frica do Sul<\/li>\n<li>Mo\u00e7ambique<\/li>\n<li>Zimb\u00e1bue<\/li>\n<\/ul>\n<div id=\"stcpDiv\">\n<p>Entre em contato pelo formul\u00e1rio de coment\u00e1rios abaixo, colocando todos os dados como nome, igreja, etc\u2026 e TIRE SUAS D\u00daVIDAS<\/p>\n<p>N\u00e3o esque\u00e7a de digitar todos os seus dados corretamente para entrarmos em contato.<\/p>\n<p>Feito isso, enviaremos um email com o telefone para contato e confirma\u00e7\u00e3o.<\/p>\n<p>\u2014\u2014\u2014\u2014\u2014\u2014\u2014\u2014\u2014\u2014\u2014\u2014\u2014\u2014\u2014\u2014<\/p>\n<p>[contact-form-7 id=&#8221;67158&#8243; title=&#8221;Convites&#8221;]<\/p>\n<p>\u2014\u2014\u2014\u2014\u2014\u2014\u2014\u2014\u2014\u2014\u2014\u2014\u2014\u2014\u2014\u2014<\/p>\n<p>ATEN\u00c7\u00c3O:<\/p>\n<p>AS DATAS SOMENTE SER\u00c3O MARCADAS E CONFIRMADAS AP\u00d3S CONFIRMA\u00c7\u00c3O POR TELEFONE<\/p>\n<\/div>\n","protected":false},"excerpt":{"rendered":"<p>O Pastor Jonas Santana t\u00eam ministrado a Palavra de Deus em v\u00e1rios pa\u00edses: Brasil Argentina Portugal Sui\u00e7a Alemanha<\/p>\n","protected":false},"author":1,"featured_media":0,"parent":0,"menu_order":0,"comment_status":"closed","ping_status":"closed","template":"","meta":{"footnotes":""},"class_list":["post-1866","page","type-page","status-publish","hentry"],"yoast_head":"<!-- This site is optimized with the Yoast SEO plugin v27.4 - https:\/\/yoast.com\/product\/yoast-seo-wordpress\/ -->\n<title>Convites - Pr. Jonas Santana<\/title>\n<meta name=\"robots\" content=\"index, follow, max-snippet:-1, max-image-preview:large, max-video-preview:-1\" \/>\n<link rel=\"canonical\" href=\"https:\/\/www.andandonagraca.org\/site\/?page_id=1866\" \/>\n<meta property=\"og:locale\" content=\"pt_BR\" \/>\n<meta property=\"og:type\" content=\"article\" \/>\n<meta property=\"og:title\" content=\"Convites - Pr. Jonas Santana\" \/>\n<meta property=\"og:description\" content=\"O Pastor Jonas Santana t\u00eam ministrado a Palavra de Deus em v\u00e1rios pa\u00edses: Brasil Argentina Portugal Sui\u00e7a Alemanha\" \/>\n<meta property=\"og:url\" content=\"https:\/\/www.andandonagraca.org\/site\/?page_id=1866\" \/>\n<meta property=\"og:site_name\" content=\"Pr. Jonas Santana\" \/>\n<meta property=\"article:publisher\" content=\"https:\/\/www.facebook.com\/andandonagraca\" \/>\n<meta property=\"article:modified_time\" content=\"2021-05-16T13:47:02+00:00\" \/>\n<meta name=\"twitter:card\" content=\"summary_large_image\" \/>\n<meta name=\"twitter:label1\" content=\"Est. tempo de leitura\" \/>\n\t<meta name=\"twitter:data1\" content=\"1 minuto\" \/>\n<script type=\"application\/ld+json\" class=\"yoast-schema-graph\">{\"@context\":\"https:\\\/\\\/schema.org\",\"@graph\":[{\"@type\":\"WebPage\",\"@id\":\"https:\\\/\\\/www.andandonagraca.org\\\/site\\\/?page_id=1866\",\"url\":\"https:\\\/\\\/www.andandonagraca.org\\\/site\\\/?page_id=1866\",\"name\":\"Convites - Pr. Jonas Santana\",\"isPartOf\":{\"@id\":\"https:\\\/\\\/www.andandonagraca.org\\\/site\\\/#website\"},\"datePublished\":\"2015-12-05T14:15:18+00:00\",\"dateModified\":\"2021-05-16T13:47:02+00:00\",\"breadcrumb\":{\"@id\":\"https:\\\/\\\/www.andandonagraca.org\\\/site\\\/?page_id=1866#breadcrumb\"},\"inLanguage\":\"pt-BR\",\"potentialAction\":[{\"@type\":\"ReadAction\",\"target\":[\"https:\\\/\\\/www.andandonagraca.org\\\/site\\\/?page_id=1866\"]}]},{\"@type\":\"BreadcrumbList\",\"@id\":\"https:\\\/\\\/www.andandonagraca.org\\\/site\\\/?page_id=1866#breadcrumb\",\"itemListElement\":[{\"@type\":\"ListItem\",\"position\":1,\"name\":\"In\u00edcio\",\"item\":\"https:\\\/\\\/www.andandonagraca.org\\\/site\"},{\"@type\":\"ListItem\",\"position\":2,\"name\":\"Convites\"}]},{\"@type\":\"WebSite\",\"@id\":\"https:\\\/\\\/www.andandonagraca.org\\\/site\\\/#website\",\"url\":\"https:\\\/\\\/www.andandonagraca.org\\\/site\\\/\",\"name\":\"Pr. Jonas Santana\",\"description\":\"ANDANDO NA GRA\u00c7A - AEMSF\",\"potentialAction\":[{\"@type\":\"SearchAction\",\"target\":{\"@type\":\"EntryPoint\",\"urlTemplate\":\"https:\\\/\\\/www.andandonagraca.org\\\/site\\\/?s={search_term_string}\"},\"query-input\":{\"@type\":\"PropertyValueSpecification\",\"valueRequired\":true,\"valueName\":\"search_term_string\"}}],\"inLanguage\":\"pt-BR\"}]}<\/script>\n<!-- \/ Yoast SEO plugin. -->","yoast_head_json":{"title":"Convites - Pr. Jonas Santana","robots":{"index":"index","follow":"follow","max-snippet":"max-snippet:-1","max-image-preview":"max-image-preview:large","max-video-preview":"max-video-preview:-1"},"canonical":"https:\/\/www.andandonagraca.org\/site\/?page_id=1866","og_locale":"pt_BR","og_type":"article","og_title":"Convites - Pr. Jonas Santana","og_description":"O Pastor Jonas Santana t\u00eam ministrado a Palavra de Deus em v\u00e1rios pa\u00edses: Brasil Argentina Portugal Sui\u00e7a Alemanha","og_url":"https:\/\/www.andandonagraca.org\/site\/?page_id=1866","og_site_name":"Pr. Jonas Santana","article_publisher":"https:\/\/www.facebook.com\/andandonagraca","article_modified_time":"2021-05-16T13:47:02+00:00","twitter_card":"summary_large_image","twitter_misc":{"Est. tempo de leitura":"1 minuto"},"schema":{"@context":"https:\/\/schema.org","@graph":[{"@type":"WebPage","@id":"https:\/\/www.andandonagraca.org\/site\/?page_id=1866","url":"https:\/\/www.andandonagraca.org\/site\/?page_id=1866","name":"Convites - Pr. Jonas Santana","isPartOf":{"@id":"https:\/\/www.andandonagraca.org\/site\/#website"},"datePublished":"2015-12-05T14:15:18+00:00","dateModified":"2021-05-16T13:47:02+00:00","breadcrumb":{"@id":"https:\/\/www.andandonagraca.org\/site\/?page_id=1866#breadcrumb"},"inLanguage":"pt-BR","potentialAction":[{"@type":"ReadAction","target":["https:\/\/www.andandonagraca.org\/site\/?page_id=1866"]}]},{"@type":"BreadcrumbList","@id":"https:\/\/www.andandonagraca.org\/site\/?page_id=1866#breadcrumb","itemListElement":[{"@type":"ListItem","position":1,"name":"In\u00edcio","item":"https:\/\/www.andandonagraca.org\/site"},{"@type":"ListItem","position":2,"name":"Convites"}]},{"@type":"WebSite","@id":"https:\/\/www.andandonagraca.org\/site\/#website","url":"https:\/\/www.andandonagraca.org\/site\/","name":"Pr. Jonas Santana","description":"ANDANDO NA GRA\u00c7A - AEMSF","potentialAction":[{"@type":"SearchAction","target":{"@type":"EntryPoint","urlTemplate":"https:\/\/www.andandonagraca.org\/site\/?s={search_term_string}"},"query-input":{"@type":"PropertyValueSpecification","valueRequired":true,"valueName":"search_term_string"}}],"inLanguage":"pt-BR"}]}},"_links":{"self":[{"href":"https:\/\/www.andandonagraca.org\/site\/index.php?rest_route=\/wp\/v2\/pages\/1866","targetHints":{"allow":["GET"]}}],"collection":[{"href":"https:\/\/www.andandonagraca.org\/site\/index.php?rest_route=\/wp\/v2\/pages"}],"about":[{"href":"https:\/\/www.andandonagraca.org\/site\/index.php?rest_route=\/wp\/v2\/types\/page"}],"author":[{"embeddable":true,"href":"https:\/\/www.andandonagraca.org\/site\/index.php?rest_route=\/wp\/v2\/users\/1"}],"replies":[{"embeddable":true,"href":"https:\/\/www.andandonagraca.org\/site\/index.php?rest_route=%2Fwp%2Fv2%2Fcomments&post=1866"}],"version-history":[{"count":0,"href":"https:\/\/www.andandonagraca.org\/site\/index.php?rest_route=\/wp\/v2\/pages\/1866\/revisions"}],"wp:attachment":[{"href":"https:\/\/www.andandonagraca.org\/site\/index.php?rest_route=%2Fwp%2Fv2%2Fmedia&parent=1866"}],"curies":[{"name":"wp","href":"https:\/\/api.w.org\/{rel}","templated":true}]}}

<p>O Pastor Jonas Santana têm ministrado a Palavra de Deus em vários países:</p>
<ul>
<li>Brasil</li>
<li>Argentina</li>
<li>Portugal</li>
<li>Suiça</li>
<li>Alemanha</li>
<li>Holanda</li>
<li>Bélgica</li>
<li>Eslováquia</li>
<li>Cabo Verde</li>
<li>Guiné-Bissau</li>
<li>São Tomé e Príncipe</li>
<li>Angola</li>
<li>Namíbia</li>
<li>África do Sul</li>
<li>Moçambique</li>
<li>Zimbábue</li>
</ul>
<div id="stcpDiv">
<p>Entre em contato pelo formulário de comentários abaixo, colocando todos os dados como nome, igreja, etc… e TIRE SUAS DÚVIDAS</p>
<p>Não esqueça de digitar todos os seus dados corretamente para entrarmos em contato.</p>
<p>Feito isso, enviaremos um email com o telefone para contato e confirmação.</p>
<p>————————————————</p>
<p>[contact-form-7 id=&#8221;67158&#8243; title=&#8221;Convites&#8221;]</p>
<p>————————————————</p>
<p>ATENÇÃO:</p>
<p>AS DATAS SOMENTE SERÃO MARCADAS E CONFIRMADAS APÓS CONFIRMAÇÃO POR TELEFONE</p>
</div>

<p>O Pastor Jonas Santana têm ministrado a Palavra de Deus em vários países: Brasil Argentina Portugal Suiça Alemanha</p>

<!-- This site is optimized with the Yoast SEO plugin v27.4 - https://yoast.com/product/yoast-seo-wordpress/ -->
<title>Convites - Pr. Jonas Santana</title>
<meta name="robots" content="index, follow, max-snippet:-1, max-image-preview:large, max-video-preview:-1" />
<link rel="canonical" href="https://www.andandonagraca.org/site/?page_id=1866" />
<meta property="og:locale" content="pt_BR" />
<meta property="og:type" content="article" />
<meta property="og:title" content="Convites - Pr. Jonas Santana" />
<meta property="og:description" content="O Pastor Jonas Santana têm ministrado a Palavra de Deus em vários países: Brasil Argentina Portugal Suiça Alemanha" />
<meta property="og:url" content="https://www.andandonagraca.org/site/?page_id=1866" />
<meta property="og:site_name" content="Pr. Jonas Santana" />
<meta property="article:publisher" content="https://www.facebook.com/andandonagraca" />
<meta property="article:modified_time" content="2021-05-16T13:47:02+00:00" />
<meta name="twitter:card" content="summary_large_image" />
<meta name="twitter:label1" content="Est. tempo de leitura" />
	<meta name="twitter:data1" content="1 minuto" />
<script type="application/ld+json" class="yoast-schema-graph">{"@context":"https:\/\/schema.org","@graph":[{"@type":"WebPage","@id":"https:\/\/www.andandonagraca.org\/site\/?page_id=1866","url":"https:\/\/www.andandonagraca.org\/site\/?page_id=1866","name":"Convites - Pr. Jonas Santana","isPartOf":{"@id":"https:\/\/www.andandonagraca.org\/site\/#website"},"datePublished":"2015-12-05T14:15:18+00:00","dateModified":"2021-05-16T13:47:02+00:00","breadcrumb":{"@id":"https:\/\/www.andandonagraca.org\/site\/?page_id=1866#breadcrumb"},"inLanguage":"pt-BR","potentialAction":[{"@type":"ReadAction","target":["https:\/\/www.andandonagraca.org\/site\/?page_id=1866"]}]},{"@type":"BreadcrumbList","@id":"https:\/\/www.andandonagraca.org\/site\/?page_id=1866#breadcrumb","itemListElement":[{"@type":"ListItem","position":1,"name":"Início","item":"https:\/\/www.andandonagraca.org\/site"},{"@type":"ListItem","position":2,"name":"Convites"}]},{"@type":"WebSite","@id":"https:\/\/www.andandonagraca.org\/site\/#website","url":"https:\/\/www.andandonagraca.org\/site\/","name":"Pr. Jonas Santana","description":"ANDANDO NA GRAÇA - AEMSF","potentialAction":[{"@type":"SearchAction","target":{"@type":"EntryPoint","urlTemplate":"https:\/\/www.andandonagraca.org\/site\/?s={search_term_string}"},"query-input":{"@type":"PropertyValueSpecification","valueRequired":true,"valueName":"search_term_string"}}],"inLanguage":"pt-BR"}]}</script>
<!-- / Yoast SEO plugin. -->

O Pastor Jonas Santana têm ministrado a Palavra de Deus em vários países: Brasil Argentina Portugal Suiça Alemanha

Início

ANDANDO NA GRAÇA - AEMSF
