{"id":2023,"date":"2016-06-22T15:14:56","date_gmt":"2016-06-22T18:14:56","guid":{"rendered":"https:\/\/www.andandonagraca.org\/site\/?page_id=2023"},"modified":"2020-04-11T18:54:00","modified_gmt":"2020-04-11T21:54:00","slug":"enfase-ministerial","status":"publish","type":"page","link":"https:\/\/www.andandonagraca.org\/site\/?page_id=2023","title":{"rendered":"\u00canfase Ministerial"},"content":{"rendered":"<p>Levar o Evangelho aos Pa\u00edses de Express\u00e3o Portuguesa, onde mais de 245 milh\u00f5es vivem e sequer 10% realmente est\u00e1 salvo. Esse tem sido o alvo de Jonas Santana, Pastor e Conferencista Internacional. \u00c9 formado em programa\u00e7\u00e3o de computadores e em gest\u00e3o empresarial.<\/p>\n<p>A chamada clara e inequ\u00edvoca de Deus, tendo como exemplo e legado o seu pai, Pastor Manoel M. de Santana (in memorian), impulsionou Jonas Santana a dedicar a sua vida, desde os 15 anos de idade, a servir a Deus, e desde 1995 \u00e0 ora\u00e7\u00e3o e a prega\u00e7\u00e3o da Palavra de Deus, ap\u00f3s a ordena\u00e7\u00e3o ao minist\u00e9rio pastoral.<\/p>\n<p>Tendo percorrido tr\u00eas continentes e cerca de 20 pa\u00edses, o que auxiliou a ter uma vis\u00e3o abrangente acerca do Reino de Deus e o seu eterno prop\u00f3sito, durante cinco anos pastoreou uma das maiores igrejas do Continente Africano, na cidade de Luanda em Angola, com mais de 15.000 pessoas participando dos cultos aos domingos pela manh\u00e3, somente na igreja local. Por todo o pa\u00eds, mais de 135 igrejas locais, com aproximadamente 260.000 pessoas, segundo dados do governo. Tendo deixado muito frutos e muitos filhos na f\u00e9, al\u00e9m de Angola pastoreou pastores em outros pa\u00edses do Continente Africano como \u00c1frica do Sul, Nam\u00edbia, Mo\u00e7ambique, S\u00e3o Tom\u00e9 e Pr\u00edncipe, Guin\u00e9 Bissau, Cabo Verde.<\/p>\n<p>Sua \u00eanfase ministerial se resume a: Reparar, Restaurar e Reconciliar, conforme est\u00e1 escrito em: Isa\u00edas 58:11-12, Mateus 4:15-17, Atos 26:16-19, Ef\u00e9sios 2:16. Assim usando sua vasta experi\u00eancia, desde 2004 fundou a Associa\u00e7\u00e3o Miss\u00f5es sem Fronteiras, que tem como objetivo principal ser uma extens\u00e3o da Igreja de Cristo, um minist\u00e9rio interdenominacional, que trabalha para o bem do Reino de Deus, buscando a unidade do Corpo de Cristo, encurtando dist\u00e2ncias, diluindo diferen\u00e7as, mas respeitando vis\u00f5es bem como suas personalidades eclesi\u00e1sticas e jur\u00eddicas. Com uma vis\u00e3o ampla do que \u00e9 estar a servi\u00e7o do Reino de Deus, procurando meios e subs\u00eddios para ajudar as igrejas e seus pastores a desempenharem as suas chamadas, fazendo com que o Evangelho do Reino seja pregado em qualidade e quantidade, cumprindo sua fun\u00e7\u00e3o especifica de gerar disc\u00edpulos de Jesus Cristo.<\/p>\n<p>O Pastor Jonas Santana, atualmente, vive em S\u00e3o Paulo\/SP, Brasil, de onde sai, a convite de Igrejas e Pastores, para ministrar a Palavra de Deus em cultos, workshops, semin\u00e1rios, conferencias, etc. (informa\u00e7\u00f5es nesse site na se\u00e7\u00e3o \u00canfase Ministerial\/Convites)<\/p>\n<p>Voc\u00ea tamb\u00e9m pode ser um colaborador dessa obra, basta acessar o site de Miss\u00f5es sem Fronteiras e saber como participar.<\/p>\n<p style=\"text-align: center;\"><img  title=\"\" loading=\"lazy\" decoding=\"async\" class=\"alignnone size-full wp-image-2024\" src=\"https:\/\/www.andandonagraca.org\/site\/wp-content\/uploads\/2016\/06\/Imagem1.png\"  alt=\"Imagem1 \u00canfase Ministerial\"  width=\"640\" height=\"342\" srcset=\"https:\/\/www.andandonagraca.org\/site\/wp-content\/uploads\/2016\/06\/Imagem1.png 640w, https:\/\/www.andandonagraca.org\/site\/wp-content\/uploads\/2016\/06\/Imagem1-140x75.png 140w, https:\/\/www.andandonagraca.org\/site\/wp-content\/uploads\/2016\/06\/Imagem1-300x160.png 300w\" sizes=\"auto, (max-width: 640px) 100vw, 640px\" \/><\/p>\n<p>Isa\u00edas 58:11-12 &#8211; E o Senhor te guiar\u00e1 continuamente, e fartar\u00e1 a tua alma em lugares secos, e fortificar\u00e1 teus ossos; e ser\u00e1s como um jardim regado e como um manancial cujas \u00e1guas nunca faltam.<br \/>\nE os que de ti procederem edificar\u00e3o os lugares antigamente assolados; e levantar\u00e1s os fundamentos de gera\u00e7\u00e3o em gera\u00e7\u00e3o, e chamar-te-\u00e3o reparador das roturas e restaurador de veredas para morar.<\/p>\n<div class=\"text_exposed_show\">\n<p>Mateus 4:15-17 &#8211; A terra de Zebulom e a terra de Naftali, junto ao caminho do mar, al\u00e9m do Jord\u00e3o, a Galil\u00e9ia das na\u00e7\u00f5es, o povo que estava assentado em trevas viu uma grande luz; e aos que estavam assentados na regi\u00e3o e sombra da morte a luz raiou.<br \/>\nDesde ent\u00e3o, come\u00e7ou Jesus a pregar e a dizer: Arrependei-vos, porque \u00e9 chegado o Reino dos c\u00e9us.<\/p>\n<p>Atos 26:16-19 &#8211; Mas levanta-te e p\u00f5e-te sobre teus p\u00e9s, porque te apareci por isto, para te p\u00f4r por ministro e testemunha tanto das coisas que tens visto como daquelas pelas quais te aparecerei ainda, livrando-te deste povo e dos gentios, a quem agora te envio, para lhes abrires os olhos e das trevas os converteres \u00e0 luz e do poder de Satan\u00e1s a Deus, a fim de que recebam a remiss\u00e3o dos pecados e sorte entre os santificados pela f\u00e9 em mim.<br \/>\nPelo que, \u00f3 rei Agripa, n\u00e3o fui desobediente \u00e0 vis\u00e3o celestial.<\/p>\n<p>Ef\u00e9sios 2:16 &#8211; E pela cruz reconciliar ambos com Deus em um corpo, matando com ela as inimizades.<\/p>\n<p>&#8212;&#8212;&#8212;&#8212;&#8212;&#8212;&#8212;-<\/p>\n<p><span style=\"text-decoration: underline;\"><span style=\"color: #ff0000;\"><strong>Reparar<\/strong><\/span><\/span><\/p>\n<p>v.t P\u00f4r em bom estado de funcionamento o que se havia estragado; restaurar, consertar, recondicionar: reparar um motor.<\/p>\n<p>Fig. Restaurar: reparar as for\u00e7as.<\/p>\n<p>Retratar-se de, dar satisfa\u00e7\u00f5es: reparar uma ofensa.<\/p>\n<p>Notar, observar, perceber: n\u00e3o reparar na presen\u00e7a de um amigo.<\/p>\n<p><span style=\"text-decoration: underline;\"><span style=\"color: #ff0000;\"><strong>Restaurar<\/strong><\/span><\/span><\/p>\n<p>v.t. Reparar, recuperar, consertar, p\u00f4r em bom estado: restaurar uma igreja.<\/p>\n<p>Revigorar: restaurar as for\u00e7as.<\/p>\n<p>Restabelecer: restaurar a monarquia.<\/p>\n<p>Readquirir, reaver: restaurar a confia<span class=\"text_exposed_show\">n\u00e7a no tesoureiro. <\/span><\/p>\n<p><span class=\"text_exposed_show\">Restabelecer-se, reanimar-se.<\/span><\/p>\n<div class=\"text_exposed_show\">\n<p><span style=\"text-decoration: underline;\"><span style=\"color: #ff0000;\"><strong>Reconciliar<\/strong><\/span><\/span><\/p>\n<p>v.t. P\u00f4r de acordo duas pessoas ou grupos desavindos.<\/p>\n<p>Restabelecer a confian\u00e7a, a estima ap\u00f3s um afrouxamento de rela\u00e7\u00f5es: esta boa a\u00e7\u00e3o me reconcilia com ele.<\/p>\n<p>P\u00f4r-se bem com algu\u00e9m: reconciliei-me com os advers\u00e1rios.<\/p>\n<\/div>\n<\/div>\n","protected":false},"excerpt":{"rendered":"<p>Levar o Evangelho aos Pa\u00edses de Express\u00e3o Portuguesa, onde mais de 245 milh\u00f5es vivem e sequer 10% realmente<\/p>\n","protected":false},"author":1,"featured_media":0,"parent":0,"menu_order":0,"comment_status":"closed","ping_status":"closed","template":"","meta":{"footnotes":""},"class_list":["post-2023","page","type-page","status-publish","hentry"],"yoast_head":"<!-- This site is optimized with the Yoast SEO plugin v27.6 - https:\/\/yoast.com\/product\/yoast-seo-wordpress\/ -->\n<title>\u00canfase Ministerial - Pr. Jonas Santana<\/title>\n<meta name=\"robots\" content=\"index, follow, max-snippet:-1, max-image-preview:large, max-video-preview:-1\" \/>\n<link rel=\"canonical\" href=\"https:\/\/www.andandonagraca.org\/site\/?page_id=2023\" \/>\n<meta property=\"og:locale\" content=\"pt_BR\" \/>\n<meta property=\"og:type\" content=\"article\" \/>\n<meta property=\"og:title\" content=\"\u00canfase Ministerial - Pr. Jonas Santana\" \/>\n<meta property=\"og:description\" content=\"Levar o Evangelho aos Pa\u00edses de Express\u00e3o Portuguesa, onde mais de 245 milh\u00f5es vivem e sequer 10% realmente\" \/>\n<meta property=\"og:url\" content=\"https:\/\/www.andandonagraca.org\/site\/?page_id=2023\" \/>\n<meta property=\"og:site_name\" content=\"Pr. Jonas Santana\" \/>\n<meta property=\"article:publisher\" content=\"https:\/\/www.facebook.com\/andandonagraca\" \/>\n<meta property=\"article:modified_time\" content=\"2020-04-11T21:54:00+00:00\" \/>\n<meta property=\"og:image\" content=\"https:\/\/www.andandonagraca.org\/site\/wp-content\/uploads\/2016\/06\/Imagem1.png\" \/>\n<meta name=\"twitter:card\" content=\"summary_large_image\" \/>\n<meta name=\"twitter:label1\" content=\"Est. tempo de leitura\" \/>\n\t<meta name=\"twitter:data1\" content=\"4 minutos\" \/>\n<script type=\"application\/ld+json\" class=\"yoast-schema-graph\">{\"@context\":\"https:\\\/\\\/schema.org\",\"@graph\":[{\"@type\":\"WebPage\",\"@id\":\"https:\\\/\\\/www.andandonagraca.org\\\/site\\\/?page_id=2023\",\"url\":\"https:\\\/\\\/www.andandonagraca.org\\\/site\\\/?page_id=2023\",\"name\":\"\u00canfase Ministerial - Pr. Jonas Santana\",\"isPartOf\":{\"@id\":\"https:\\\/\\\/www.andandonagraca.org\\\/site\\\/#website\"},\"primaryImageOfPage\":{\"@id\":\"https:\\\/\\\/www.andandonagraca.org\\\/site\\\/?page_id=2023#primaryimage\"},\"image\":{\"@id\":\"https:\\\/\\\/www.andandonagraca.org\\\/site\\\/?page_id=2023#primaryimage\"},\"thumbnailUrl\":\"https:\\\/\\\/www.andandonagraca.org\\\/site\\\/wp-content\\\/uploads\\\/2016\\\/06\\\/Imagem1.png\",\"datePublished\":\"2016-06-22T18:14:56+00:00\",\"dateModified\":\"2020-04-11T21:54:00+00:00\",\"breadcrumb\":{\"@id\":\"https:\\\/\\\/www.andandonagraca.org\\\/site\\\/?page_id=2023#breadcrumb\"},\"inLanguage\":\"pt-BR\",\"potentialAction\":[{\"@type\":\"ReadAction\",\"target\":[\"https:\\\/\\\/www.andandonagraca.org\\\/site\\\/?page_id=2023\"]}]},{\"@type\":\"ImageObject\",\"inLanguage\":\"pt-BR\",\"@id\":\"https:\\\/\\\/www.andandonagraca.org\\\/site\\\/?page_id=2023#primaryimage\",\"url\":\"https:\\\/\\\/www.andandonagraca.org\\\/site\\\/wp-content\\\/uploads\\\/2016\\\/06\\\/Imagem1.png\",\"contentUrl\":\"https:\\\/\\\/www.andandonagraca.org\\\/site\\\/wp-content\\\/uploads\\\/2016\\\/06\\\/Imagem1.png\",\"width\":640,\"height\":342},{\"@type\":\"BreadcrumbList\",\"@id\":\"https:\\\/\\\/www.andandonagraca.org\\\/site\\\/?page_id=2023#breadcrumb\",\"itemListElement\":[{\"@type\":\"ListItem\",\"position\":1,\"name\":\"In\u00edcio\",\"item\":\"https:\\\/\\\/www.andandonagraca.org\\\/site\"},{\"@type\":\"ListItem\",\"position\":2,\"name\":\"\u00canfase Ministerial\"}]},{\"@type\":\"WebSite\",\"@id\":\"https:\\\/\\\/www.andandonagraca.org\\\/site\\\/#website\",\"url\":\"https:\\\/\\\/www.andandonagraca.org\\\/site\\\/\",\"name\":\"Pr. Jonas Santana\",\"description\":\"ANDANDO NA GRA\u00c7A - AEMSF\",\"potentialAction\":[{\"@type\":\"SearchAction\",\"target\":{\"@type\":\"EntryPoint\",\"urlTemplate\":\"https:\\\/\\\/www.andandonagraca.org\\\/site\\\/?s={search_term_string}\"},\"query-input\":{\"@type\":\"PropertyValueSpecification\",\"valueRequired\":true,\"valueName\":\"search_term_string\"}}],\"inLanguage\":\"pt-BR\"}]}<\/script>\n<!-- \/ Yoast SEO plugin. -->","yoast_head_json":{"title":"\u00canfase Ministerial - Pr. Jonas Santana","robots":{"index":"index","follow":"follow","max-snippet":"max-snippet:-1","max-image-preview":"max-image-preview:large","max-video-preview":"max-video-preview:-1"},"canonical":"https:\/\/www.andandonagraca.org\/site\/?page_id=2023","og_locale":"pt_BR","og_type":"article","og_title":"\u00canfase Ministerial - Pr. Jonas Santana","og_description":"Levar o Evangelho aos Pa\u00edses de Express\u00e3o Portuguesa, onde mais de 245 milh\u00f5es vivem e sequer 10% realmente","og_url":"https:\/\/www.andandonagraca.org\/site\/?page_id=2023","og_site_name":"Pr. Jonas Santana","article_publisher":"https:\/\/www.facebook.com\/andandonagraca","article_modified_time":"2020-04-11T21:54:00+00:00","og_image":[{"url":"https:\/\/www.andandonagraca.org\/site\/wp-content\/uploads\/2016\/06\/Imagem1.png","type":"","width":"","height":""}],"twitter_card":"summary_large_image","twitter_misc":{"Est. tempo de leitura":"4 minutos"},"schema":{"@context":"https:\/\/schema.org","@graph":[{"@type":"WebPage","@id":"https:\/\/www.andandonagraca.org\/site\/?page_id=2023","url":"https:\/\/www.andandonagraca.org\/site\/?page_id=2023","name":"\u00canfase Ministerial - Pr. Jonas Santana","isPartOf":{"@id":"https:\/\/www.andandonagraca.org\/site\/#website"},"primaryImageOfPage":{"@id":"https:\/\/www.andandonagraca.org\/site\/?page_id=2023#primaryimage"},"image":{"@id":"https:\/\/www.andandonagraca.org\/site\/?page_id=2023#primaryimage"},"thumbnailUrl":"https:\/\/www.andandonagraca.org\/site\/wp-content\/uploads\/2016\/06\/Imagem1.png","datePublished":"2016-06-22T18:14:56+00:00","dateModified":"2020-04-11T21:54:00+00:00","breadcrumb":{"@id":"https:\/\/www.andandonagraca.org\/site\/?page_id=2023#breadcrumb"},"inLanguage":"pt-BR","potentialAction":[{"@type":"ReadAction","target":["https:\/\/www.andandonagraca.org\/site\/?page_id=2023"]}]},{"@type":"ImageObject","inLanguage":"pt-BR","@id":"https:\/\/www.andandonagraca.org\/site\/?page_id=2023#primaryimage","url":"https:\/\/www.andandonagraca.org\/site\/wp-content\/uploads\/2016\/06\/Imagem1.png","contentUrl":"https:\/\/www.andandonagraca.org\/site\/wp-content\/uploads\/2016\/06\/Imagem1.png","width":640,"height":342},{"@type":"BreadcrumbList","@id":"https:\/\/www.andandonagraca.org\/site\/?page_id=2023#breadcrumb","itemListElement":[{"@type":"ListItem","position":1,"name":"In\u00edcio","item":"https:\/\/www.andandonagraca.org\/site"},{"@type":"ListItem","position":2,"name":"\u00canfase Ministerial"}]},{"@type":"WebSite","@id":"https:\/\/www.andandonagraca.org\/site\/#website","url":"https:\/\/www.andandonagraca.org\/site\/","name":"Pr. Jonas Santana","description":"ANDANDO NA GRA\u00c7A - AEMSF","potentialAction":[{"@type":"SearchAction","target":{"@type":"EntryPoint","urlTemplate":"https:\/\/www.andandonagraca.org\/site\/?s={search_term_string}"},"query-input":{"@type":"PropertyValueSpecification","valueRequired":true,"valueName":"search_term_string"}}],"inLanguage":"pt-BR"}]}},"_links":{"self":[{"href":"https:\/\/www.andandonagraca.org\/site\/index.php?rest_route=\/wp\/v2\/pages\/2023","targetHints":{"allow":["GET"]}}],"collection":[{"href":"https:\/\/www.andandonagraca.org\/site\/index.php?rest_route=\/wp\/v2\/pages"}],"about":[{"href":"https:\/\/www.andandonagraca.org\/site\/index.php?rest_route=\/wp\/v2\/types\/page"}],"author":[{"embeddable":true,"href":"https:\/\/www.andandonagraca.org\/site\/index.php?rest_route=\/wp\/v2\/users\/1"}],"replies":[{"embeddable":true,"href":"https:\/\/www.andandonagraca.org\/site\/index.php?rest_route=%2Fwp%2Fv2%2Fcomments&post=2023"}],"version-history":[{"count":0,"href":"https:\/\/www.andandonagraca.org\/site\/index.php?rest_route=\/wp\/v2\/pages\/2023\/revisions"}],"wp:attachment":[{"href":"https:\/\/www.andandonagraca.org\/site\/index.php?rest_route=%2Fwp%2Fv2%2Fmedia&parent=2023"}],"curies":[{"name":"wp","href":"https:\/\/api.w.org\/{rel}","templated":true}]}}